2. Let x(m) = m**3 - 6*m**2 - m - 3. Calculate the remainder when t is divided by x(7).
37
Suppose -2*k + 155 = 3*b, 3*k + 5*b = 87 + 147. What is the remainder when 3939 is divided by k?
70
What is the remainder when 309 is divided by (-31)/((-1953)/42)*117/6?
10
Let u be 3854/18 - 2/18. Suppose -3*w = -0*w + r - 77, -5*w - r = -125. What is the remainder when u/3 - 11/33 is divided by w?
23
Let k = -405 + 501. What is the remainder when 295 is divided by k?
7
What is the remainder when 468/10*1295/74 is divided by 51?
3
Let j(h) = 245*h**2 - 143*h + 20. What is the remainder when j(6) is divided by 8?
6
Suppose 5*p - 3*s = 25, 2*p - 9 = 3*s + 10. Suppose -p*u = -5*w + 216, 6*w + 3*u + 219 = 11*w. Calculate the remainder when 199 is divided by w.
31
Suppose -f = 4*a - 7, 3*f - 6 = -5*a + 29. Suppose -3*b + 2*h + 288 = 0, 20*h + 15 = f*h. What is the remainder when b is divided by 33?
28
Let q(w) = 50*w + 1160. What is the remainder when q(-17) is divided by 52?
50
Let b(i) = i**3 - 24*i**2 + 8*i - 50. Let s be b(24). Let f = s + -131. What is the remainder when 14 is divided by f?
3
Let k(b) = b**3 - 20*b**2 - 23*b + 45. Let i be k(21). Suppose 0 = i*o + 7*o - 700. Suppose -o = -20*q + 10*q. Calculate the remainder when 48 is divided by q.
6
Let u(p) = -p**3 + 3*p**2 + 14*p + 32. Let n(o) = 2*o - 3. Let x(h) = -h + 15. Let j be x(9). What is the remainder when n(j) is divided by u(6)?
1
Let q(n) = n**3 - 12*n**2 + 17*n - 19. Let f be q(11). Let c = f + -26. What is the remainder when (-9 + 12)/(1/19) is divided by c?
15
Suppose 0 = -r - 3*n + 58, -2*r - r - 2*n + 160 = 0. Calculate the remainder when r is divided by (8/(-16))/(0 - (-2)/(-128)).
20
Suppose 25 = 5*n - 5*s, 4*s + 4 = 5*n - 20. Suppose -2*i + 0*i = 0. Let o = 5 + i. Calculate the remainder when o is divided by n.
1
Suppose -418 = -5*a - 4*n, 5*a = 3*n - 29 + 433. Let o(s) = -1045*s + 1066. What is the remainder when a is divided by o(1)?
19
Suppose 21*i + 3867 = 4*i + 11466. Calculate the remainder when 905 is divided by i.
11
Suppose 0 = 5*m + 4*n, 11*n = 3*m + 13*n. Calculate the remainder when (-4)/14 + m - 4852/(-28) is divided by 37.
25
Suppose 5*m = -2*a - 352, 0*m + 2*m + 4*a + 128 = 0. Let d be 1346/16 - (-9)/m. Suppose 6*h - 6 = d. What is the remainder when 57 is divided by h?
12
Let y(w) = 5*w**2 - 7*w - 6. Let l(r) = -r - 9. Let q be l(-5). Suppose 364*o - 105 = 361*o. Calculate the remainder when y(q) is divided by o.
32
Let i(q) = -q**3 + 13*q**2 + 9*q + 86. Suppose 4*t - 104 = -0*t. Let v = t - -34. Calculate the remainder when v is divided by i(14).
12
Let o(i) = -i**3 + 2*i**2 + 33*i - 12. Let k be o(-5). Calculate the remainder when 42 + 108 - 0*k/4 is divided by 38.
36
Suppose -58*n + 60*n + 50 = 0. Suppose 160 = -k + 5*k. What is the remainder when k is divided by ((-8)/(-20) + (-365)/n)*1?
10
What is the remainder when 119 + (-22)/3 + 65/195 is divided by 39?
34
Calculate the remainder when 37/(-135) + (-122)/(-1647) - 9993/(-15) is divided by 82.
10
Let s = 3193 - 3147. Let t be 3/((-6)/(-2) - 0). Calculate the remainder when (t + -4)*(-380)/5 is divided by s.
44
Suppose 1084381*s - 4779 = 1084322*s. Calculate the remainder when 321 + (-1)/2*0 is divided by s.
78
Let r be 10/(-4)*(-20)/(-25)*-2. Suppose r*c + 4*b = 161 + 15, -b - 1 = 0. What is the remainder when 178 is divided by c?
43
Suppose 0 = -5*j + 312 + 43. Let q(k) = 46*k - 14. Let n be q(-3). Let v = n - -164. Calculate the remainder when j is divided by v.
11
Let r be 1/(-7) + 238251/91. Suppose -58*q = -36*q - r. What is the remainder when q is divided by 11?
9
Let o = -248 + 290. Let n(l) = l**2 - 48*l + 264. What is the remainder when 166 is divided by n(o)?
10
Let x = 5839 + -4950. Calculate the remainder when x is divided by 13.
5
Suppose -5 = 5*y + 5*h, 2*h - 13 = -3*y + 3*h. Suppose 135 = y*s - 33. Suppose 4*t + 3*t = s. Calculate the remainder when t is divided by 5.
3
Calculate the remainder when 606 is divided by 7 + (-16 - 7) - -218.
0
Suppose -15*u + 1410 = -150. Suppose -j + 6*y - 4*y + 32 = 0, 4*j - u = -4*y. Calculate the remainder when 109 is divided by j.
25
Suppose 71*m - 25*m = 1886. Calculate the remainder when 2744 is divided by m.
38
Let x = 52 - 35. Let l = -5 + 4. Let a = l + x. Calculate the remainder when a is divided by 6.
4
Suppose 1446*j - 1029*j = 25437. What is the remainder when 466 is divided by j?
39
What is the remainder when (-2675)/(-6) - (-21)/126 - 0 is divided by 18?
14
Suppose 70 = 3*u - 71. Suppose 312*p - 606*p = -310*p + 192. What is the remainder when u is divided by p?
11
Let p(h) = -30*h**2 + 12*h + 43. Let s be p(-3). Let v = s + 304. Calculate the remainder when 110 is divided by v.
28
Let x = -849 + 1248. Calculate the remainder when x is divided by 65.
9
Let v = -5871 - -6101. What is the remainder when 1170 is divided by v?
20
Suppose -c - 3*i = 11, -4*i = 3*c + 12 + 6. Suppose 589 + 416 = 15*u. What is the remainder when u is divided by 3 + 19 - 2/c?
21
Let l(b) = -2*b**2 - 51*b - 150. Calculate the remainder when 309 is divided by l(-21).
36
Let z = 489 + -491. Let a(o) = 3*o**2 + 8*o + 11. What is the remainder when 46/((-9)/(-3) - 2) is divided by a(z)?
4
Let a = -339 - -590. Suppose -109*t + 108*t + 51 = 0. Calculate the remainder when a is divided by t.
47
Let o be ((-441)/6)/((-36)/24). What is the remainder when 224 is divided by (-2)/8 + o/4?
8
Let g(w) = w**3 + 4*w**2 - 70*w - 80. Calculate the remainder when 113 is divided by g(-10).
13
Let w = -72 + 70. Calculate the remainder when 285 is divided by (-1)/(1/w) + (0 - -24).
25
Calculate the remainder when 8638 is divided by (10/(-25))/(174/(-70905)).
162
Suppose t = 5*x - 75, -28*x + 30*x - 4*t - 48 = 0. Let o = 55 + 9. What is the remainder when o is divided by x?
8
Suppose 0 = 2*w - 4*y - 256, -5*w + 7*w - 3*y = 260. Calculate the remainder when (1 + w/28)*7 is divided by 3.
2
Let j(x) = -x**3 - 3*x**2 - 8*x - 10. Suppose 1359 = -177*u + 180*u. What is the remainder when u is divided by j(-4)?
35
Let l be -5*42/(-15)*17/1. Suppose -5*r + 4*n + 78 = -l, 5*n + 80 = r. Calculate the remainder when r is divided by 21.
18
Let t(v) = -73*v**3 + 0*v**2 - v**2 + 27*v**3. What is the remainder when t(-1) is divided by (-4)/(-2) - (356 + -378)?
21
Suppose 5*h - 184 = -2*x, -884 = -5*x + 4*h - 325. What is the remainder when 269 is divided by x?
55
Let l(a) = 2*a**3 - 5*a**2 - 39*a + 13. Let o(v) = -2*v + 5. Calculate the remainder when l(7) is divided by o(-4).
12
Let v(o) be the second derivative of -o**3/6 + 7*o**2 - 2*o. Suppose -99 + 559 + 136 = 149*w. Calculate the remainder when v(0) is divided by w.
2
Suppose -6 = -3*f + 7*f + 2*k, 0 = f + 3*k + 4. Let y be 4/(f + -3)*5. What is the remainder when 44 is divided by 6*y/4*-2?
14
Let o(n) = 64 - 11 - 17 - 10 - 3*n - 20. Let h = -4 + 1. Calculate the remainder when 133 is divided by o(h).
13
Let a be 194/(-22) - (-14)/(-77). Let l = a - -34. Let q(i) = -4*i + 21. What is the remainder when q(-13) is divided by l?
23
Calculate the remainder when 129 is divided by 3 - (-6)/((-2)/(192/(-18))).
24
Suppose 717*n - 1990*n + 28716 = -935 - 4720. Calculate the remainder when ((-422)/(-6))/((-2)/(-6)) is divided by n.
22
What is the remainder when 476 is divided by (-235)/(-10) + -1 + -1 + (-12)/(-24)?
14
Suppose 0 = -7*j + 79 - 30. Let w(q) = q**3 - 8*q**2 + 12*q + 20. Let t be w(j). Suppose 13*y - 8*y - t = 0. Calculate the remainder when 15 is divided by y.
4
Suppose 1764*o = 1790*o - 7800. Calculate the remainder when o is divided by 72.
12
Suppose 16*m = -7*m - 828. Calculate the remainder when 9/(((-112)/m + -3)/2) is divided by 24.
18
Let f be (1727/4)/((-1)/(-36)*3). Suppose f = 34*c - c. Calculate the remainder when c is divided by 80.
77
Let f be (3/6)/(2/4). Let i = 28 + f. What is the remainder when 47 is divided by i?
18
Let c(t) = 7*t - 431. Suppose -4*i + 5*x + 74 = 21, 4*i - 2*x = 50. Calculate the remainder when c(75) is divided by i.
10
Let u be (1390/(-3))/5*75/(-10). Suppose -61 - u = -18*m. Let z = 131 + -49. Calculate the remainder when z is divided by m.
40
Calculate the remainder when ((1/(-2))/((-3)/(-939)))/(55/(-110)) is divided by 293.
20
Let j(r) = -6*r - 507. Let y = 3 - 3. Suppose 5*q + y*q - 40 = 0. Calculate the